 the tens digit of f/3*21/(-14)?
7
Suppose 4*c = 3*k + 41892, -37*k - 20968 = -2*c - 30*k. What is the tens digit of c?
7
Suppose -107*k = -1548771 + 575071. What is the thousands digit of k?
9
Let t be ((-18)/8)/(25/40 - 1). Suppose t*a = -3*a + 45. Suppose 0 = o + a*c - 115, 0 = -4*o - 4*c + 444. What is the units digit of o?
0
Let d be (-8)/(-14) + 2394/98. Let g(s) = s**3 - 19*s**2 - 117*s - 27. What is the tens digit of g(d)?
9
Let q = 79 - 46. Let v = 97 + q. Let h = 239 - v. What is the hundreds digit of h?
1
Suppose -4*r - 2*v = -175686, -1026*r = -1028*r + 2*v + 87840. What is the thousands digit of r?
3
What is the thousands digit of 649728/(-18)*(-20)/60?
2
Suppose 3*w = 8*w + 2*o - 34129, 0 = -2*o + 4. What is the tens digit of w?
2
Let k(m) be the second derivative of m**5/20 - 3*m**4/4 + m**3/3 - 9*m**2 + 6*m. Let a(p) be the first derivative of k(p). What is the tens digit of a(7)?
2
Let f(l) = l**3 + 6*l**2 - l - 4. Let c be f(-6). Suppose -x + 208 = -4*r, -4*x + 790 = -0*x - c*r. What is the hundreds digit of x?
1
Let n = -121 + 126. Suppose 22 = -n*f - 78. What is the tens digit of (-2735)/f - 6/8?
3
Suppose -18265 = 350*v - 369*v + 18006. What is the units digit of v?
9
Let y(k) = -20*k**3 - 36*k**2 - 46*k - 268. What is the tens digit of y(-12)?
6
Suppose 0*q = -5*q + r + 148401, 7*q - 3*r - 207763 = 0. What is the ten thousands digit of q?
2
Let j be ((-2)/(-1))/((-6)/(-48)*4). Suppose j = 6*l - 4*l. Suppose 0 = -r - l*c + 12, 6*c - 5*c = 4*r - 3. What is the units digit of r?
2
Let y(z) = 11*z**2 - 90*z - 275. What is the hundreds digit of y(32)?
1
What is the hundreds digit of 5 + (18/(-30) - (720340/(-25) + 2))?
8
Let u(o) = -587*o**2 - 14*o - 12. Let g(h) = -589*h**2 - 15*h - 12. Let r(w) = 3*g(w) - 4*u(w). What is the hundreds digit of r(-1)?
5
Suppose -2*v + 4*g = -48, -3*v = -8*g + 13*g - 39. Let l(m) = m + 1. Let b be l(4). Suppose v = b*u - 462. What is the units digit of u?
6
Let z(v) = -v - 9. Let r be z(-9). Suppose 2*l = 4*t + 130, 5*t - 10 + r = 0. Let d = 154 + l. What is the tens digit of d?
2
Let n = -32856 + 74606. What is the ten thousands digit of n?
4
What is the tens digit of 320/((-18)/(-1755)*13)?
0
Let x(i) = -i**3 - 10*i**2 + 11*i - 19. Suppose -5*p + 13 = 73. What is the hundreds digit of x(p)?
1
Suppose 0 = 5*i + m - 4995 - 4682, -m - 7747 = -4*i. What is the tens digit of (-7)/((-21)/(-12)) - i/(-8)?
3
Let i(t) = 1773*t + 755. What is the ten thousands digit of i(16)?
2
Let r = 104 - 105. What is the units digit of ((-65)/20)/(r/28)?
1
Let h be (-16)/(-56) + (-649)/(-7) + -4. Suppose -5*q = -q - 664. Let x = q - h. What is the units digit of x?
7
Let k = 45 + 33. Let l = -77 + k. Let v(u) = 102*u + 2. What is the units digit of v(l)?
4
Suppose 0 = 4*b + 1 + 3. Let k be -2 + (18 - 12)*b/(-3). Suppose 2*m + 14 - 42 = k. What is the units digit of m?
4
Suppose p - 701 = 3*z - 79093, -3*z + 78397 = -2*p. What is the thousands digit of z?
6
Suppose 0 = -2*j + 5*p + 17188, 13*j - 18*j - 2*p = -42941. What is the tens digit of j?
8
Suppose -2*d - 137 = -5*f, -40*d - 71 = -3*f - 36*d. Suppose -13*o = -f*o + 8400. What is the tens digit of o?
2
What is the units digit of (-3)/(((-216)/(-84882))/(-12)) + -7?
0
Let i be (-24)/(-30)*(23 - -2). Let c = i + -8. What is the units digit of (203/(-3))/((-4)/c)?
3
Let w(o) = 2*o - 378. Let z be w(0). Let i = z - -567. Let v = i - -31. What is the tens digit of v?
2
Suppose -9*f + 5*n = -5*f - 50, 0 = 2*f + 2*n - 16. What is the units digit of (8*(f + -24))/((-1)/4)?
8
Let p be 1*2 + (11 - 9). Let s be (19 + -23)*(-9)/p. Suppose s*m - 2416 = -7*m. What is the tens digit of m?
5
Let f be (-9)/6*52/(-39). Let u(o) = -7*o**3 + 4*o**2 + o + 4. Let l(n) = -7*n**3 + 4*n**2 + 3. Let x(y) = f*u(y) - 3*l(y). What is the tens digit of x(3)?
5
Let f be ((-5)/(-5))/(3/9). Suppose -d + 0 = g + f, -g + 2*d = -12. Suppose g*y - 13 = 9. What is the tens digit of y?
1
Suppose -9*v + 10*v = 4*r - 107442, 4*r - 5*v = 107450. What is the thousands digit of r?
6
Let a = 8990 - 3058. What is the thousands digit of a?
5
Suppose 0 = 6*b + 6*b + 1920. Let w = b - -574. What is the hundreds digit of w?
4
Let z(q) = 2*q**2 + 36*q - 2473. What is the tens digit of z(-125)?
7
Let s = 3029 + -1864. What is the thousands digit of s?
1
Let p = 1356 + -1020. Let v = 45 + p. What is the hundreds digit of v?
3
What is the tens digit of 254*(6/(-10)*(-15480)/48 + -5)?
7
Let i(o) = 2*o**3 + 12*o**2 - 20*o - 9. Let l be i(-13). Let g = -1226 - l. What is the tens digit of g?
8
Let o(a) be the second derivative of 5*a**4/12 - 101*a**3/6 - 11*a**2/2 - 86*a. What is the hundreds digit of o(25)?
5
Let g = 8230 - 4317. Suppose 5*f - g = -1413. What is the tens digit of f?
0
Let q(w) = w**3 - 22*w**2 + 120*w + 16. Let f be q(11). Suppose -293 = -f*y + 372. What is the hundreds digit of y?
1
Suppose -28*l + 35 = 147. What is the units digit of (-112)/l*41/2?
4
Suppose -4*i - 26 - 5 = g, -i + 98 = -2*g. Let o(w) = -9*w - 101. What is the hundreds digit of o(g)?
3
Suppose -13*y - 4*y - 11598 = -20*y. What is the thousands digit of y?
3
Suppose 0 = 4*b + 18 - 26. Suppose 0 = y + b. What is the units digit of 2*(-1)/y*4?
4
Suppose 0 = -2*h - 2*a + 112, 7*h - 3*a = 5*h + 132. What is the units digit of (-40)/h*(-1 + -506)?
8
Let g(w) = -w**2 + 18*w + 1. Let d(x) = -x**3 - 7*x**2 - 2*x + 4. Let a be d(-7). Let s be g(a). What is the units digit of s + -1 + 0 + 70?
0
Let n = -13518 - -18630. What is the hundreds digit of n?
1
Let a = -6 + 4. Let q be (-568)/(-12) - a/3. Suppose -m + x = -27, -4*x = -3*m + 38 + q. What is the tens digit of m?
2
Let j be 1/3*57*9. Let a = j - -79. What is the tens digit of a?
5
Let y be (-2 - (-12)/7)*-7. Suppose -o = 4*o + 15, 0 = 4*j + y*o - 1142. What is the hundreds digit of j?
2
Let a be (-4 + -1)/(-10)*(2 + 2). Suppose m = a, 0 = -5*r - 5*m + m - 1027. Let w = 318 + r. What is the units digit of w?
1
Suppose -x = 5*p - 53393, 3*p - 46808 + 14771 = -x. What is the ten thousands digit of p?
1
Let l(d) = 4*d**3 - 108*d**2 - 243*d + 156. Let z(j) = j**3 - 27*j**2 - 61*j + 39. Let k(n) = 2*l(n) - 9*z(n). What is the tens digit of k(29)?
0
Suppose -k + 0*k = 3*k. Suppose k*p + 12 = 6*p. Suppose -261 = -3*s + p*r, -4 = -r - 1. What is the units digit of s?
9
Suppose -k - 7*g + 2*g + 6 = 0, 5*k = -3*g - 14. What is the units digit of (-28)/(-6) + k + (-412)/(-3)?
8
Let m be -2 + 3 - -90 - 4/1. Let t = 101 - m. Suppose i + t = 95. What is the tens digit of i?
8
Suppose 194326 = 4*z + 5*u, -z + 3*u = -2107 - 46449. What is the tens digit of z?
7
Let q(t) be the second derivative of 1/12*t**4 - 3*t**2 + 0 - 24*t + 4/3*t**3. What is the units digit of q(-14)?
8
Suppose -294 = -5*b - b. Let c = b - 45. Suppose 3*g + n = 24 + 521, -c*n = -g + 186. What is the hundreds digit of g?
1
Let n be 20/(4*3/720*2). Suppose -s - n = 3*s. Let b = 249 + s. What is the tens digit of b?
9
Let l = -821 - -1493. Let v = l + -222. What is the hundreds digit of v?
4
Let y(w) = 344*w - 6. Let v(g) = 115*g - 1. Let r(b) = 7*v(b) - 2*y(b). What is the hundreds digit of r(9)?
0
Let v(a) = a**2 + 8*a + 10. Suppose -11*j + 14*j - 27 = 0. What is the units digit of v(j)?
3
Suppose -3*x + 3*f = 8*f - 1209, 4*x = -5*f + 1612. Let y = -114 - 101. Let o = y + x. What is the tens digit of o?
8
Suppose -5*m = -5*n + 3395, 5*n + 373*m - 3419 = 372*m. What is the units digit of n?
3
Suppose 2*v - 4*t - 9239 = 8567, -2*t - 6 = 0. What is the tens digit of v?
9
Let o(k) = 55 + 13 + 44 - 38*k + 24. What is the hundreds digit of o(-10)?
5
Suppose -5*p = -45 + 140. Let c = p + 26. Suppose -c = -3*x + 2. What is the units digit of x?
3
Suppose -77 = q + 80. Suppose 0 = -3*w - 3*h - 285, 0 = 2*h + 6. Let i = w - q. What is the units digit of i?
5
What is the hundreds digit of 601/(-2)*(-1 - -2)/(207/(-2070))?
0
Let u = 3079 + -1928. What is the tens digit of u?
5
Let o = 1033 + -544. Let t be ((-8)/3)/((-240)/30060). Suppose 2*u + 0*u + 4*i = t, -3*u + o = 2*i. What is the units digit of u?
1
Suppose -4*z + 0*z - 15 = -5*t, -6 = -2*t. Suppose b - 5*l - 496 = z, 0 = 4*b + l - 2344 + 276. What is the units digit of b?
6
Let l = 5305 - 3976. What is the units digit of l?
9
Let y(a) = a**3 - 61*a**2 + 56*a + 2288. What is the th